he remainder when 110317 is divided by 36.
13
What is the remainder when 861 is divided by 357?
147
Calculate the remainder when 1694 is divided by 61.
47
What is the remainder when 904 is divided by 890?
14
Calculate the remainder when 36738 is divided by 443.
412
Calculate the remainder when 41043 is divided by 215.
193
What is the remainder when 2431 is divided by 786?
73
What is the remainder when 134645 is divided by 196?
189
What is the remainder when 1471 is divided by 95?
46
Calculate the remainder when 18356 is divided by 211.
210
What is the remainder when 13805 is divided by 31?
10
What is the remainder when 63740 is divided by 128?
124
Calculate the remainder when 10007 is divided by 18.
17
Calculate the remainder when 114263 is divided by 196.
191
Calculate the remainder when 2394 is divided by 223.
164
What is the remainder when 120353 is divided by 65?
38
Calculate the remainder when 40981 is divided by 3723.
28
Calculate the remainder when 1632 is divided by 354.
216
What is the remainder when 26792 is divided by 140?
52
What is the remainder when 44662 is divided by 452?
366
Calculate the remainder when 3580 is divided by 112.
108
Calculate the remainder when 21260 is divided by 644.
8
Calculate the remainder when 3513941 is divided by 105.
11
Calculate the remainder when 19346 is divided by 14.
12
What is the remainder when 274162 is divided by 1110?
1102
Calculate the remainder when 21874 is divided by 277.
268
Calculate the remainder when 1532 is divided by 143.
102
What is the remainder when 10890 is divided by 490?
110
What is the remainder when 11483 is divided by 3667?
482
What is the remainder when 11068812 is divided by 61?
57
Calculate the remainder when 14845 is divided by 30.
25
Calculate the remainder when 273439 is divided by 54687.
4
What is the remainder when 88036 is divided by 16?
4
Calculate the remainder when 708442 is divided by 236144.
10
Calculate the remainder when 8882 is divided by 2837.
371
Calculate the remainder when 18344 is divided by 147.
116
Calculate the remainder when 113711 is divided by 46.
45
What is the remainder when 6831353 is divided by 358?
355
What is the remainder when 15122 is divided by 721?
702
What is the remainder when 134507 is divided by 26867?
172
What is the remainder when 14771 is divided by 14568?
203
Calculate the remainder when 32 is divided by 26.
6
What is the remainder when 124846 is divided by 581?
512
Calculate the remainder when 8356 is divided by 157.
35
Calculate the remainder when 3502 is divided by 66.
4
Calculate the remainder when 82647 is divided by 164.
155
Calculate the remainder when 12411 is divided by 6170.
71
Calculate the remainder when 19768 is divided by 59.
3
What is the remainder when 1748 is divided by 78?
32
What is the remainder when 69341 is divided by 23?
19
Calculate the remainder when 1255 is divided by 97.
91
Calculate the remainder when 651357 is divided by 281.
280
What is the remainder when 611 is divided by 480?
131
What is the remainder when 188151 is divided by 13439?
5
What is the remainder when 6900 is divided by 3435?
30
What is the remainder when 5028 is divided by 85?
13
What is the remainder when 6883 is divided by 2088?
619
What is the remainder when 51910 is divided by 12975?
10
Calculate the remainder when 203705 is divided by 2.
1
What is the remainder when 1020089 is divided by 13601?
14
What is the remainder when 8198 is divided by 1604?
178
What is the remainder when 4454 is divided by 710?
194
Calculate the remainder when 15780 is divided by 1971.
12
Calculate the remainder when 382149 is divided by 272.
261
Calculate the remainder when 11513 is divided by 1149.
23
Calculate the remainder when 15417 is divided by 809.
46
Calculate the remainder when 1256 is divided by 436.
384
Calculate the remainder when 15310 is divided by 333.
325
Calculate the remainder when 1239 is divided by 142.
103
Calculate the remainder when 4373 is divided by 146.
139
What is the remainder when 54217 is divided by 14?
9
Calculate the remainder when 2779 is divided by 773.
460
Calculate the remainder when 56842 is divided by 374.
368
What is the remainder when 111512 is divided by 923?
752
What is the remainder when 8065 is divided by 1985?
125
Calculate the remainder when 204878 is divided by 130.
128
Calculate the remainder when 33270 is divided by 520.
510
What is the remainder when 578301 is divided by 578285?
16
What is the remainder when 11507 is divided by 10?
7
Calculate the remainder when 17032 is divided by 20.
12
What is the remainder when 1555 is divided by 699?
157
What is the remainder when 127717 is divided by 23?
21
What is the remainder when 101426 is divided by 245?
241
Calculate the remainder when 477 is divided by 118.
5
What is the remainder when 2668 is divided by 530?
18
Calculate the remainder when 995667 is divided by 13.
10
Calculate the remainder when 5108 is divided by 1028.
996
Calculate the remainder when 23000 is divided by 654.
110
What is the remainder when 1062 is divided by 266?
264
Calculate the remainder when 338495 is divided by 164.
163
Calculate the remainder when 2260 is divided by 332.
268
Calculate the remainder when 200872 is divided by 40174.
2
What is the remainder when 816636 is divided by 20?
16
Calculate the remainder when 48782 is divided by 45.
2
Calculate the remainder when 314921 is divided by 969.
965
Calculate the remainder when 7843 is divided by 32.
3
Calculate the remainder when 10930 is divided by 31.
18
Calculate the remainder when 5506 is divided by 54.
52
What is the remainder when 574793 is divided by 191597?
2
What is the remainder when 4095 is divided by 157?
13
What is the remainder when 255228 is divided by 8?
4
Calculate the remainder when 14124 is divided by 277.
274
What is the remainder when 63184 is divided by 10473?
346
Calculate the remainder when 417647 is divided by 64.
47
Calculate the remainder when 249117 is divided by 83034.
15
What is the remainder when 63043 is divided by 7844?
291
Calculate the remainder when 22184 is divided by 15.
14
Calculate the remainder when 1763 is divided by 873.
17
Calculate the remainder when 1890 is divided by 353.
125
Calculate the remainder when 32664 is divided by 35.
9
What is the remainder when 1570 is divided by 356?
146
Calculate the remainder when 367001 is divided by 18.
17
What is the remainder when 9325 is divided by 207?
10
What is the remainder when 42846 is divided by 47?
29
Calculate the remainder when 106825 is divided by 62.
61
Calculate the remainder when 4434 is divided by 845.
209
Calculate the remainder when 576135 is divided by 57612.
15
Calculate the remainder when 1407 is divided by 27.
3
Calculate the remainder when 4609 is divided by 1338.
595
Calculate the remainder when 18179 is divided by 9.
8
What is the remainder when 4718 is divided by 937?
33
What is the remainder when 86414 is divided by 35?
34
Calculate the remainder when 9038 is divided by 21.
8
What is the remainder when 223000 is divided by 13116?
28
What is the remainder when 55846 is divided by 13954?
30
Calculate the remainder when 9990 is divided by 1665.
0
Calculate the remainder when 1945 is divided by 164.
141
Calculate the remainder when 1999 is divided by 283.
18
What is the remainder when 24629 is divided by 5?
4
Calculate the remainder when 73520 is divided by 385.
370
What is the remainder when 6283 is divided by 2092?
7
Calculate the remainder when 20327 is divided by 20315.
12
Calculate the remainder when 102364 is divided by 224.
220
What is the remainder when 19762 is divided by 234?
106
What is the remainder when 246983 is divided by 164?
163
Calculate the remainder when 13435 is divided by 17.
5
What is the remainder when 5566 is divided by 46?
0
Calculate the remainder when 14972 is divided by 50.
22
What is the remainder when 26300 is divided by 90?
20
What is the remainder when 7368 is divided by 2448?
24
What is the remainder when 274724 is divided by 39243?
23
Calculate the remainder when 34668 is divided by 34.
22
Calculate the remainder when 621543 is divided by 14.
13
Calculate the remainder when 3431 is divided by 289.
252
Calculate the remainder when 178018 is divided by 989.
987
Calculate the remainder when 7798 